[INFO] cloning repository https://github.com/TAFH-debug/yag
[INFO] running `Command { std: "git" "-c" "credential.helper=" "-c" "credential.helper=/workspace/cargo-home/bin/git-credential-null" "clone" "--bare" "https://github.com/TAFH-debug/yag" "/workspace/cache/git-repos/https%3A%2F%2Fgithub.com%2FTAFH-debug%2Fyag", kill_on_drop: false }`
[INFO] [stderr] Cloning into bare repository '/workspace/cache/git-repos/https%3A%2F%2Fgithub.com%2FTAFH-debug%2Fyag'...
[INFO] running `Command { std: "git" "rev-parse" "HEAD", kill_on_drop: false }`
[INFO] [stdout] 69fa26c9e3f7fa1740094a580e2bdfd999409920
[INFO] checking TAFH-debug/yag against master#e6e4f7ed1589e03bc2f6c5931c1a72e7947e8682 for beta-170-4
[INFO] running `Command { std: "git" "clone" "/workspace/cache/git-repos/https%3A%2F%2Fgithub.com%2FTAFH-debug%2Fyag" "/workspace/builds/worker-6-tc2/source", kill_on_drop: false }`
[INFO] [stderr] Cloning into '/workspace/builds/worker-6-tc2/source'...
[INFO] [stderr] done.
[INFO] validating manifest of git repo https://github.com/TAFH-debug/yag on toolchain e6e4f7ed1589e03bc2f6c5931c1a72e7947e8682
[INFO] running `Command { std: CARGO_HOME="/workspace/cargo-home" RUSTUP_HOME="/workspace/rustup-home" "/workspace/cargo-home/bin/cargo" "+e6e4f7ed1589e03bc2f6c5931c1a72e7947e8682" "metadata" "--manifest-path" "Cargo.toml" "--no-deps", kill_on_drop: false }`
[INFO] started tweaking git repo https://github.com/TAFH-debug/yag
[INFO] finished tweaking git repo https://github.com/TAFH-debug/yag
[INFO] tweaked toml for git repo https://github.com/TAFH-debug/yag written to /workspace/builds/worker-6-tc2/source/Cargo.toml
[INFO] crate git repo https://github.com/TAFH-debug/yag already has a lockfile, it will not be regenerated
[INFO] running `Command { std: CARGO_HOME="/workspace/cargo-home" RUSTUP_HOME="/workspace/rustup-home" "/workspace/cargo-home/bin/cargo" "+e6e4f7ed1589e03bc2f6c5931c1a72e7947e8682" "fetch" "--manifest-path" "Cargo.toml", kill_on_drop: false }`
[INFO] running `Command { std: "docker" "create" "-v" "/var/lib/crater-agent-workspace/builds/worker-6-tc2/target:/opt/rustwide/target:rw,Z" "-v" "/var/lib/crater-agent-workspace/builds/worker-6-tc2/source:/opt/rustwide/workdir:ro,Z" "-v" "/var/lib/crater-agent-workspace/cargo-home:/opt/rustwide/cargo-home:ro,Z" "-v" "/var/lib/crater-agent-workspace/rustup-home:/opt/rustwide/rustup-home:ro,Z" "-e" "SOURCE_DIR=/opt/rustwide/workdir" "-e" "CARGO_TARGET_DIR=/opt/rustwide/target" "-e" "CARGO_HOME=/opt/rustwide/cargo-home" "-e" "RUSTUP_HOME=/opt/rustwide/rustup-home" "-w" "/opt/rustwide/workdir" "-m" "1610612736" "--user" "0:0" "--network" "none" "ghcr.io/rust-lang/crates-build-env/linux@sha256:19e73879b68f455e41552ea35293514db52ea292d993f571636dbffedb77a1ee" "/opt/rustwide/cargo-home/bin/cargo" "+e6e4f7ed1589e03bc2f6c5931c1a72e7947e8682" "metadata" "--no-deps" "--format-version=1", kill_on_drop: false }`
[INFO] [stdout] f4f3ec1272e0d0bda88fbc7e14fe0ae2c370701f8bf3439256dcb28a148b56ed
[INFO] running `Command { std: "docker" "start" "-a" "f4f3ec1272e0d0bda88fbc7e14fe0ae2c370701f8bf3439256dcb28a148b56ed", kill_on_drop: false }`
[INFO] running `Command { std: "docker" "inspect" "f4f3ec1272e0d0bda88fbc7e14fe0ae2c370701f8bf3439256dcb28a148b56ed", kill_on_drop: false }`
[INFO] running `Command { std: "docker" "rm" "-f" "f4f3ec1272e0d0bda88fbc7e14fe0ae2c370701f8bf3439256dcb28a148b56ed", kill_on_drop: false }`
[INFO] [stdout] f4f3ec1272e0d0bda88fbc7e14fe0ae2c370701f8bf3439256dcb28a148b56ed
[INFO] running `Command { std: "docker" "create" "-v" "/var/lib/crater-agent-workspace/builds/worker-6-tc2/target:/opt/rustwide/target:rw,Z" "-v" "/var/lib/crater-agent-workspace/builds/worker-6-tc2/source:/opt/rustwide/workdir:ro,Z" "-v" "/var/lib/crater-agent-workspace/cargo-home:/opt/rustwide/cargo-home:ro,Z" "-v" "/var/lib/crater-agent-workspace/rustup-home:/opt/rustwide/rustup-home:ro,Z" "-e" "SOURCE_DIR=/opt/rustwide/workdir" "-e" "CARGO_TARGET_DIR=/opt/rustwide/target" "-e" "CARGO_INCREMENTAL=0" "-e" "RUST_BACKTRACE=full" "-e" "RUSTFLAGS=--cap-lints=forbid" "-e" "RUSTDOCFLAGS=--cap-lints=forbid" "-e" "CARGO_HOME=/opt/rustwide/cargo-home" "-e" "RUSTUP_HOME=/opt/rustwide/rustup-home" "-w" "/opt/rustwide/workdir" "-m" "1610612736" "--user" "0:0" "--network" "none" "ghcr.io/rust-lang/crates-build-env/linux@sha256:19e73879b68f455e41552ea35293514db52ea292d993f571636dbffedb77a1ee" "/opt/rustwide/cargo-home/bin/cargo" "+e6e4f7ed1589e03bc2f6c5931c1a72e7947e8682" "check" "--frozen" "--all" "--all-targets" "--message-format=json", kill_on_drop: false }`
[INFO] [stdout] c97980e209ed7142e709561ed48d1695ca63bd0368985fb7950cefad63edf1d7
[INFO] running `Command { std: "docker" "start" "-a" "c97980e209ed7142e709561ed48d1695ca63bd0368985fb7950cefad63edf1d7", kill_on_drop: false }`
[INFO] [stderr]    Compiling proc-macro2 v1.0.39
[INFO] [stderr]    Compiling syn v1.0.95
[INFO] [stderr]    Compiling libc v0.2.126
[INFO] [stderr]    Compiling quote v1.0.18
[INFO] [stderr]     Checking atty v0.2.14
[INFO] [stderr]    Compiling proc-macro-error-attr v1.0.4
[INFO] [stderr]    Compiling proc-macro-error v1.0.4
[INFO] [stderr]    Compiling clap_derive v3.1.18
[INFO] [stderr]     Checking clap v3.1.18
[INFO] [stderr]     Checking yag v0.1.0 (/opt/rustwide/workdir)
[INFO] [stdout] warning: unused import: `configs::*`
[INFO] [stdout]  --> src/main.rs:4:5
[INFO] [stdout]   |
[INFO] [stdout] 4 | use configs::*;
[INFO] [stdout]   |     ^^^^^^^^^^
[INFO] [stdout]   |
[INFO] [stdout]   = note: `#[warn(unused_imports)]` on by default
[INFO] [stdout] 
[INFO] [stdout] 
[INFO] [stdout] warning: unused import: `configs::*`
[INFO] [stdout]  --> src/main.rs:4:5
[INFO] [stdout]   |
[INFO] [stdout] 4 | use configs::*;
[INFO] [stdout]   |     ^^^^^^^^^^
[INFO] [stdout]   |
[INFO] [stdout]   = note: `#[warn(unused_imports)]` on by default
[INFO] [stdout] 
[INFO] [stdout] 
[INFO] [stdout] error[E0425]: cannot find function `get_config_path` in this scope
[INFO] [stdout]   --> src/main.rs:19:30
[INFO] [stdout]    |
[INFO] [stdout] 19 |     if !std::path::Path::new(get_config_path().as_str()).exists() {
[INFO] [stdout]    |                              ^^^^^^^^^^^^^^^ not found in this scope
[INFO] [stdout] 
[INFO] [stdout] 
[INFO] [stdout] error[E0425]: cannot find function `get_config_path` in this scope
[INFO] [stdout]   --> src/main.rs:19:30
[INFO] [stdout]    |
[INFO] [stdout] 19 |     if !std::path::Path::new(get_config_path().as_str()).exists() {
[INFO] [stdout]    |                              ^^^^^^^^^^^^^^^ not found in this scope
[INFO] [stdout] 
[INFO] [stdout] 
[INFO] [stdout] error[E0425]: cannot find function `create_configs` in this scope
[INFO] [stdout]   --> src/main.rs:20:9
[INFO] [stdout]    |
[INFO] [stdout] 20 |         create_configs();
[INFO] [stdout]    |         ^^^^^^^^^^^^^^ not found in this scope
[INFO] [stdout] 
[INFO] [stdout] 
[INFO] [stdout] error[E0425]: cannot find function `create_configs` in this scope
[INFO] [stdout]   --> src/main.rs:20:9
[INFO] [stdout]    |
[INFO] [stdout] 20 |         create_configs();
[INFO] [stdout]    |         ^^^^^^^^^^^^^^ not found in this scope
[INFO] [stdout] 
[INFO] [stdout] 
[INFO] [stdout] error[E0425]: cannot find function `check_configs` in this scope
[INFO] [stdout]   --> src/main.rs:22:11
[INFO] [stdout]    |
[INFO] [stdout] 22 |     match check_configs() {
[INFO] [stdout]    |           ^^^^^^^^^^^^^ not found in this scope
[INFO] [stdout] 
[INFO] [stdout] 
[INFO] [stdout] error[E0425]: cannot find function `check_configs` in this scope
[INFO] [stdout]   --> src/main.rs:22:11
[INFO] [stdout]    |
[INFO] [stdout] 22 |     match check_configs() {
[INFO] [stdout]    |           ^^^^^^^^^^^^^ not found in this scope
[INFO] [stdout] 
[INFO] [stdout] 
[INFO] [stdout] error[E0425]: cannot find function `load_configs` in this scope
[INFO] [stdout]   --> src/main.rs:26:5
[INFO] [stdout]    |
[INFO] [stdout] 26 |     load_configs(&mut configs);
[INFO] [stdout]    |     ^^^^^^^^^^^^ not found in this scope
[INFO] [stdout] 
[INFO] [stdout] 
[INFO] [stdout] error[E0425]: cannot find function `load_configs` in this scope
[INFO] [stdout]   --> src/main.rs:26:5
[INFO] [stdout]    |
[INFO] [stdout] 26 |     load_configs(&mut configs);
[INFO] [stdout]    |     ^^^^^^^^^^^^ not found in this scope
[INFO] [stdout] 
[INFO] [stdout] 
[INFO] [stdout] error: aborting due to 4 previous errors; 1 warning emitted
[INFO] [stdout] 
[INFO] [stdout] 
[INFO] [stdout] For more information about this error, try `rustc --explain E0425`.
[INFO] [stdout] 
[INFO] [stdout] error: aborting due to 4 previous errors; 1 warning emitted
[INFO] [stdout] 
[INFO] [stdout] 
[INFO] [stdout] For more information about this error, try `rustc --explain E0425`.
[INFO] [stdout] 
[INFO] [stderr] error: could not compile `yag` (bin "yag") due to 5 previous errors; 1 warning emitted
[INFO] [stderr] warning: build failed, waiting for other jobs to finish...
[INFO] [stderr] error: could not compile `yag` (bin "yag" test) due to 5 previous errors; 1 warning emitted
[INFO] running `Command { std: "docker" "inspect" "c97980e209ed7142e709561ed48d1695ca63bd0368985fb7950cefad63edf1d7", kill_on_drop: false }`
[INFO] running `Command { std: "docker" "rm" "-f" "c97980e209ed7142e709561ed48d1695ca63bd0368985fb7950cefad63edf1d7", kill_on_drop: false }`
[INFO] [stdout] c97980e209ed7142e709561ed48d1695ca63bd0368985fb7950cefad63edf1d7
